 9*i - 6. Let m(o) = -b(o) + 5*p(o). What is the units digit of m(a)?
3
Suppose -o = 17 + 5. Let t = -15 - o. What is the units digit of t?
7
Let t = 10 + 10. What is the units digit of (-1)/1 + t/4?
4
What is the tens digit of (1 - 188/12)*3*-1?
4
Let x be 8*(3/(-2) - -2). Suppose -x*p = p - 35. What is the units digit of p?
7
Let s(t) = -t**3 - 3*t**2 + 6*t + 2. Let h be s(-5). Suppose -v + 3*v = h. Let n = 19 - v. What is the units digit of n?
8
Suppose -h = -q - 5*h + 40, 5*q = 2*h + 112. What is the tens digit of q?
2
Let d = 5 + -3. Let v be (2 - 5/d)*0. Suppose v*h = 3*h - 21. What is the units digit of h?
7
Let b(w) be the third derivative of -w**4/6 - 3*w**2. Let y be b(-1). Suppose -4*f + 13 = 5*h, -f = y*f + h - 11. What is the units digit of f?
2
Let c(d) be the first derivative of 2 + 1/3*d**3 + 3*d - 3*d**2. What is the units digit of c(7)?
0
Let y(l) = -l**2 - 3*l - 3. Let g be y(-4). Let i(z) = z**2 + 6*z + 4. What is the units digit of i(g)?
1
Let v(c) be the first derivative of c**3/3 + 2*c**2 - 3*c - 1. Let x be v(-5). Suppose 0 = 5*h + a - 14, -x*h = 2*h - 4*a - 16. What is the units digit of h?
3
Let l be (-2)/2*(0 - 16). Suppose 4*d - l = 4*w, -4*d + 0 = -5*w - 15. Let a = 11 - w. What is the units digit of a?
0
Suppose 5*h - 4*c + 64 = 19, 2*c - 20 = 2*h. What is the units digit of h/((-10)/(-4)) - -3?
1
Let h = 139 + -73. What is the units digit of h?
6
Suppose 2*b + 4180 = 21*b. What is the tens digit of b?
2
Let y = -20 - -32. Let q(l) = -l**2 + 13*l - 2. What is the tens digit of q(y)?
1
Let h(x) = 4*x + 4. Let w(v) = 3*v**2 - 4*v + 2. Let p be w(2). Let q be h(p). Suppose r = -r + q. What is the units digit of r?
4
Let r = -20 + -55. Let b be (r/6)/(-5)*2. Let p = b - -3. What is the units digit of p?
8
Suppose -7*g = -79 - 5. What is the tens digit of g?
1
Suppose -12*p + 782 = -22. What is the units digit of p?
7
Suppose -5*w - 1 = 9. What is the units digit of ((-20)/(-12))/(w/(-6))?
5
Suppose 781 - 241 = 15*m. What is the units digit of m?
6
Suppose 31 = 4*f - 2*t - t, 0 = -3*t + 9. What is the tens digit of f?
1
Let l = 2 - -45. What is the tens digit of l?
4
Let f be (-1 + -19)*7/(-2). What is the units digit of 2/6 + f/6?
2
What is the units digit of (0 + (-2)/(-3))/((-14)/(-735))?
5
What is the units digit of -9 + 96 - 4 - (-1)/(-1)?
2
Let y be (-3)/(-9) + (-24)/(-9). Let n be (-195)/(-20) - y/4. Let q = n - 2. What is the units digit of q?
7
Suppose 4*f - 201 = -y, 4*f + 4*y = 8*f - 196. What is the tens digit of f?
5
Let y(g) = g**2 - 9*g + 12. Let r be y(8). Suppose 3*w + i = 2 + r, -3*w + 18 = 5*i. What is the units digit of w/2 + 69/6?
2
Let w be 2/7 - (-103)/7. Let u(g) = 2*g**2 - 4*g + 1. Let v be u(-3). Let m = v - w. What is the units digit of m?
6
Suppose -10*d + 5*d - 2*u = -1111, 5*d - 5*u - 1090 = 0. What is the hundreds digit of d?
2
Let i(n) = 5*n**3 + 3*n**2 - 7*n. What is the hundreds digit of i(3)?
1
Let b = -11 + 6. Let i = 14 + b. What is the units digit of (-2)/i + (-100)/(-45)?
2
Let w = -29 - -66. What is the units digit of w?
7
Let w = -4 + 6. Suppose 0 = -5*x + 3*l + 15, l = 2*x - 2*l - 15. Let u = w + x. What is the units digit of u?
2
Let n(k) = 14*k**2 + 1. Suppose 2*d + 1 + 1 = 0. What is the tens digit of n(d)?
1
Suppose 3*g - y - y = 26, 5*g + y - 65 = 0. Let k = g - 7. What is the units digit of k?
5
What is the units digit of ((-85)/51 - (0 + -1))*-57?
8
Suppose 3*w - 4*a = 11, -2*w + 2*a + a + 7 = 0. Suppose 2*u - w = 5. What is the units digit of u?
5
Suppose 5*a - 33 = -4*i, i - 5*a = -4*i - 15. What is the units digit of i?
2
Let l(k) be the third derivative of -k**2 + 1/120*k**6 - 2/3*k**3 + 0*k**4 + 0*k + 0 + 1/12*k**5. What is the units digit of l(-4)?
2
Let m(j) = -j**3 - 6*j**2 - 5*j + 5. Let u be m(-5). Suppose -p = -u*p - 44. Let i = -5 - p. What is the units digit of i?
6
Let d(t) = -t**2 - 3*t + 2. Suppose -5*k - 2*n + 40 = 0, -8*n + 3*n = k - 8. Suppose -3*u - k - 1 = 0. What is the units digit of d(u)?
2
Let t = 3 + -1. Suppose -5*l = 4*z + 5 + 15, -z = t*l + 5. Suppose 4*q - 5*a - 8 = 81, l = -4*q - 2*a + 82. What is the units digit of q?
1
Suppose -5*m - 3*m = -376. What is the units digit of m?
7
Suppose 3*a - 2 = 4*a. Let u be (-81 + (a - -4))*-1. What is the units digit of (-2)/(-9) - u/(-9)?
9
Let t(r) = r - 1. Let u be t(0). Let x = 10 - u. What is the units digit of x?
1
Let t(o) = -6*o**3 + o**3 + 5*o**3 + 9*o - o**3 - 5*o**2 - 9. What is the tens digit of t(-7)?
2
Let y(u) = 6*u + 3. Let v be y(-3). Let w be (-106)/(-5) + 3/v. What is the tens digit of (-2)/4 + w/2?
1
Let n(t) = -t + 2 + 5 - 3 - 1. What is the units digit of n(0)?
3
Let j be ((-4)/(-2))/(8/12). Suppose -3 = 2*l + j. What is the units digit of (21/(-6))/(l/6)?
7
Let y(x) = x**2 + 9*x + 2. Let a be y(-9). Suppose -17 = -v - a*g, v = 4*v - 5*g - 51. What is the tens digit of v?
1
Suppose j + 5*j = 144. Let i = -10 + j. What is the tens digit of i?
1
Let z(w) = -6*w**3 + 0*w**2 - 1 - w**3 + 2*w + 0*w**2. Let v be z(1). What is the units digit of 24/(-8)*22/v?
1
Let d = 209 + 52. What is the hundreds digit of d?
2
Let n(q) = q**3 - 3*q**2 - 5*q + 1. Let a be n(5). Suppose 2*x = a - 8. What is the units digit of x?
9
Suppose 0 = 2*a - 2*z - 266, -3*a - 5*z + 0*z = -407. What is the hundreds digit of a?
1
What is the units digit of (-2)/9*-3 + 34/102?
1
Let y be 1/4 - (-7)/4. Suppose -5*w - 51 = -5*j + 3*j, -2*w + 30 = y*j. What is the tens digit of j?
1
Let r be (-2)/(-8) + 284/16. What is the units digit of ((-6)/r)/(2/(-138))?
3
Let h be (0 + 2)*(3 - -4). What is the units digit of 21/h - 1/2?
1
Suppose 8*s + 15 = 3*s. Let m(j) = 25*j + 21. Let i(d) = 6*d + 5. Let r(z) = -9*i(z) + 2*m(z). What is the units digit of r(s)?
9
Suppose -11*b = -15*b - 172. Let u = 66 + b. What is the tens digit of u?
2
Let v(z) = -9*z + 3. What is the units digit of v(-2)?
1
Let i = 159 - 71. Let u = -50 + i. What is the units digit of u?
8
Let h = 100 + -47. What is the tens digit of h?
5
Suppose 3*f + 0*n - 5*n = -20, 0 = -2*f + 3*n - 12. Suppose u + f - 8 = 0. What is the units digit of u?
8
Let y be 2*3*(-3)/(-18). Let c = y - -2. What is the units digit of c?
3
Let j be 9/(-2) - 12/8. What is the units digit of (-8)/(-20) + j/(-10)?
1
Let b = -2 + 2. Suppose 4*f - 3*c = -b*c + 35, -f + 6 = 2*c. Let n = f - 6. What is the units digit of n?
2
Let t(r) = -2*r**2 + r**3 - 2*r - 2 + 2*r. Suppose 0 = 5*o - 5*d - 40, 1 - 3 = -4*o - 2*d. What is the units digit of t(o)?
7
Suppose -5*s + 29 = -201. What is the units digit of s?
6
Let n(m) = -m**2 + m + 1. Let p = 1 - 2. Let q be n(p). Let b = 5 + q. What is the units digit of b?
4
Suppose 5*w - 3*y - 8 = -4*y, 2*w + 6 = -5*y. Suppose w*v - p = 48, p = -3*p. What is the units digit of v?
4
Suppose 28*f + 42 = 31*f. What is the tens digit of f?
1
Suppose 5*l - 4*v = 78 - 21, 24 = 3*l + v. Suppose 3 + 0 = 3*s - b, -3*s - b = -l. What is the units digit of s?
2
Suppose 0 = 2*v + 6 - 16. Suppose -3*k - s + 11 = -2*k, -v*s = 4*k - 42. What is the units digit of k?
3
Suppose -6*b - 63 = -13*b. Let p be 8/(0 + 0 - 1). What is the units digit of p/(-6) - (-6)/b?
2
Suppose -14*r - 14 = -16*r. What is the units digit of r?
7
Let b = 62 + -42. Let i be 70/b*8/14. Suppose -i*q + 64 = 2*q. What is the tens digit of q?
1
Suppose -j - 192 = -5*j. What is the tens digit of j?
4
Suppose 0 = 4*y - y - 18. What is the units digit of y?
6
Suppose 2*z = -q - 0*z + 42, -2*q - z + 78 = 0. Suppose -5*s - q = -118. Suppose 5*i - 4 = -3*y, -5 = 3*y - 2*i - s. What is the units digit of y?
3
Let k = 15 + -10. Suppose 5*x + k*n - 30 = 0, 0*x + 4*n = -3*x + 19. What is the units digit of x?
5
Suppose -3*i = -8*i + 745. What is the hundreds digit of i?
1
Suppose 0 = -4*q - q - 10. Let x(h) = -h**2 - 4*h + 3. Let f be x(-4). What is the units digit of f/1 - (-2 - q)?
3
Suppose 5*s = s - 2*l + 330, -4*l = -12. What is the units digit of s?
1
Let p(t) = -3*t**3 + 3*t**2 + 5*t + 4. What is the units digit of p(-3)?
7
What is the units digit of 9/(-15) + (-948)/(-30)?
1
Suppose -2 - 2 = -2*n, 5*o - 4*n - 62 = 0. What is the units digit of o?
4
What is the hundreds digit of 3/((-1)/1 - 187/(-184))?
1
Suppose -5*o = -3*g - 0*o + 110, 2*g = -5*o + 40. What is the tens digit of g?
3
Suppose 0*l - 2